{"id":73,"date":"2025-01-15T01:48:48","date_gmt":"2025-01-15T00:48:48","guid":{"rendered":"http:\/\/192.168.4.14\/?page_id=73"},"modified":"2025-01-15T01:48:48","modified_gmt":"2025-01-15T00:48:48","slug":"mapa","status":"publish","type":"page","link":"https:\/\/svpvm.cz\/?page_id=73","title":{"rendered":"Mapa"},"content":{"rendered":"\n<figure class=\"wp-block-image size-full\"><img loading=\"lazy\" decoding=\"async\" width=\"742\" height=\"520\" src=\"http:\/\/192.168.4.14\/wp-content\/uploads\/2025\/01\/tmpB245.png\" alt=\"\" class=\"wp-image-74\" srcset=\"https:\/\/svpvm.cz\/wp-content\/uploads\/2025\/01\/tmpB245.png 742w, https:\/\/svpvm.cz\/wp-content\/uploads\/2025\/01\/tmpB245-300x210.png 300w\" sizes=\"auto, (max-width: 742px) 100vw, 742px\" \/><\/figure>\n\n\n\n<p>Kr\u00e1lova 370<br>757 01 Vala\u0161sk\u00e9 Mezi\u0159\u00ed\u010d\u00ed<br>sou\u0159adnice GPS:<br><a href=\"https:\/\/mapy.cz\/zakladni?x=17.9705278&y=49.4673256&z=17&source=coor&id=17.9705278,49.4675278\">49.4675278N, 17.9705278E<\/a><\/p>\n\n\n\n<p><\/p>\n","protected":false},"excerpt":{"rendered":"<p>Kr\u00e1lova 370757 01 Vala\u0161sk\u00e9 Mezi\u0159\u00ed\u010d\u00edsou\u0159adnice GPS:49.4675278N, 17.9705278E<\/p>\n","protected":false},"author":1,"featured_media":0,"parent":0,"menu_order":0,"comment_status":"closed","ping_status":"closed","template":"","meta":{"footnotes":""},"class_list":["post-73","page","type-page","status-publish","hentry"],"_links":{"self":[{"href":"https:\/\/svpvm.cz\/index.php?rest_route=\/wp\/v2\/pages\/73","targetHints":{"allow":["GET"]}}],"collection":[{"href":"https:\/\/svpvm.cz\/index.php?rest_route=\/wp\/v2\/pages"}],"about":[{"href":"https:\/\/svpvm.cz\/index.php?rest_route=\/wp\/v2\/types\/page"}],"author":[{"embeddable":true,"href":"https:\/\/svpvm.cz\/index.php?rest_route=\/wp\/v2\/users\/1"}],"replies":[{"embeddable":true,"href":"https:\/\/svpvm.cz\/index.php?rest_route=%2Fwp%2Fv2%2Fcomments&post=73"}],"version-history":[{"count":1,"href":"https:\/\/svpvm.cz\/index.php?rest_route=\/wp\/v2\/pages\/73\/revisions"}],"predecessor-version":[{"id":75,"href":"https:\/\/svpvm.cz\/index.php?rest_route=\/wp\/v2\/pages\/73\/revisions\/75"}],"wp:attachment":[{"href":"https:\/\/svpvm.cz\/index.php?rest_route=%2Fwp%2Fv2%2Fmedia&parent=73"}],"curies":[{"name":"wp","href":"https:\/\/api.w.org\/{rel}","templated":true}]}}