{"id":52,"date":"2025-01-15T01:35:58","date_gmt":"2025-01-15T00:35:58","guid":{"rendered":"http:\/\/192.168.4.14\/?page_id=52"},"modified":"2026-03-30T08:11:06","modified_gmt":"2026-03-30T06:11:06","slug":"zamestnanci","status":"publish","type":"page","link":"https:\/\/svpvm.cz\/?page_id=52","title":{"rendered":"Zam\u011bstnanci"},"content":{"rendered":"\n<div class=\"wp-block-columns is-layout-flex wp-container-core-columns-is-layout-9d6595d7 wp-block-columns-is-layout-flex\">\n<div class=\"wp-block-column is-layout-flow wp-block-column-is-layout-flow\" style=\"flex-basis:100%\">\n<figure class=\"wp-block-table is-style-stripes has-small-font-size\"><table class=\"has-fixed-layout\"><tbody><tr><td>PhDr. Veronika Skorunkov\u00e1<br>vedouc\u00ed za\u0159\u00edzen\u00ed a psycholog\u00a0\u00a0<\/td><td>psycholog@svpvm.cz<\/td><\/tr><tr><td>Mgr. Helena Je\u017e\u00edkov\u00e1<br>psycholog<\/td><td>svp.psycholog@gmail.com<\/td><\/tr><tr><td>Zuzana Fab\u00edkov\u00e1<br>speci\u00e1ln\u00ed pedagog \u2013 etoped<\/td><td>etoped@svpvm.cz<\/td><\/tr><tr><td>Hana Kov\u00e1\u0159ov\u00e1<br>spisov\u00e1 a administrativn\u00ed pracovnice<\/td><td>soc.prac@svpvm.cz<\/td><\/tr><tr><td>Mgr. Radka Vyb\u00edhalov\u00e1 \u017dl\u00e9bkov\u00e1<br>u\u010ditelka<\/td><td><\/td><\/tr><tr><td>Bc. Elena Zubajov\u00e1<br>speci\u00e1ln\u00ed pedagog<\/td><td><strong>\u00a0<\/strong><\/td><\/tr><tr><td>Mgr. Miroslav S\u00edvek<br>odborn\u00fd vychovatel<\/td><td><strong>\u00a0<\/strong><\/td><\/tr><tr><td>Bc. Ta\u0165\u00e1na Studen\u00e1<br>odborn\u00fd vychovatel<\/td><td><strong>\u00a0<\/strong><\/td><\/tr><tr><td>Dagmar Petru\u017eelov\u00e1<br>asistent pedagoga denn\u00ed<\/td><td><strong>\u00a0<\/strong><\/td><\/tr><tr><td>Petr Nuc<br>asistent pedagoga no\u010dn\u00ed<\/td><td><strong>\u00a0<\/strong><\/td><\/tr><tr><td>Mgr. Radka \u0160im\u010d\u00edkov\u00e1<br>asistent pedagoga no\u010dn\u00ed<\/td><td><strong>\u00a0<\/strong><\/td><\/tr><tr><td>Marie Ko\u0148a\u0159\u00edkov\u00e1<br>provoz\u00e1\u0159ka (\u0161kolnice)<\/td><td><strong>\u00a0<\/strong><\/td><\/tr><\/tbody><\/table><\/figure>\n<\/div>\n<\/div>\n\n\n\n<p><\/p>\n","protected":false},"excerpt":{"rendered":"<p>PhDr. Veronika Skorunkov\u00e1vedouc\u00ed za\u0159\u00edzen\u00ed a psycholog\u00a0\u00a0 psycholog@svpvm.cz Mgr. Helena Je\u017e\u00edkov\u00e1psycholog svp.psycholog@gmail.com Zuzana Fab\u00edkov\u00e1speci\u00e1ln\u00ed pedagog \u2013 etoped etoped@svpvm.cz Hana Kov\u00e1\u0159ov\u00e1spisov\u00e1 a &hellip; <a href=\"https:\/\/svpvm.cz\/?page_id=52\" class=\"more-link\"><span class=\"more-button\">Continue Reading<span class=\"screen-reader-text\">Zam\u011bstnanci<\/span><\/span><\/a><\/p>\n","protected":false},"author":1,"featured_media":0,"parent":0,"menu_order":0,"comment_status":"closed","ping_status":"closed","template":"","meta":{"footnotes":""},"class_list":["post-52","page","type-page","status-publish","hentry"],"_links":{"self":[{"href":"https:\/\/svpvm.cz\/index.php?rest_route=\/wp\/v2\/pages\/52","targetHints":{"allow":["GET"]}}],"collection":[{"href":"https:\/\/svpvm.cz\/index.php?rest_route=\/wp\/v2\/pages"}],"about":[{"href":"https:\/\/svpvm.cz\/index.php?rest_route=\/wp\/v2\/types\/page"}],"author":[{"embeddable":true,"href":"https:\/\/svpvm.cz\/index.php?rest_route=\/wp\/v2\/users\/1"}],"replies":[{"embeddable":true,"href":"https:\/\/svpvm.cz\/index.php?rest_route=%2Fwp%2Fv2%2Fcomments&post=52"}],"version-history":[{"count":14,"href":"https:\/\/svpvm.cz\/index.php?rest_route=\/wp\/v2\/pages\/52\/revisions"}],"predecessor-version":[{"id":446,"href":"https:\/\/svpvm.cz\/index.php?rest_route=\/wp\/v2\/pages\/52\/revisions\/446"}],"wp:attachment":[{"href":"https:\/\/svpvm.cz\/index.php?rest_route=%2Fwp%2Fv2%2Fmedia&parent=52"}],"curies":[{"name":"wp","href":"https:\/\/api.w.org\/{rel}","templated":true}]}}

Zaměstnanci

<div class="wp-block-columns is-layout-flex wp-container-core-columns-is-layout-9d6595d7 wp-block-columns-is-layout-flex">
<div class="wp-block-column is-layout-flow wp-block-column-is-layout-flow" style="flex-basis:100%">
<figure class="wp-block-table is-style-stripes has-small-font-size"><table class="has-fixed-layout"><tbody><tr><td>PhDr. Veronika Skorunková<br>vedoucí zařízení a psycholog  </td><td>psycholog@svpvm.cz</td></tr><tr><td>Mgr. Helena Ježíková<br>psycholog</td><td>svp.psycholog@gmail.com</td></tr><tr><td>Zuzana Fabíková<br>speciální pedagog – etoped</td><td>etoped@svpvm.cz</td></tr><tr><td>Hana Kovářová<br>spisová a administrativní pracovnice</td><td>soc.prac@svpvm.cz</td></tr><tr><td>Mgr. Radka Vybíhalová Žlébková<br>učitelka</td><td></td></tr><tr><td>Bc. Elena Zubajová<br>speciální pedagog</td><td><strong> </strong></td></tr><tr><td>Mgr. Miroslav Sívek<br>odborný vychovatel</td><td><strong> </strong></td></tr><tr><td>Bc. Taťána Studená<br>odborný vychovatel</td><td><strong> </strong></td></tr><tr><td>Dagmar Petruželová<br>asistent pedagoga denní</td><td><strong> </strong></td></tr><tr><td>Petr Nuc<br>asistent pedagoga noční</td><td><strong> </strong></td></tr><tr><td>Mgr. Radka Šimčíková<br>asistent pedagoga noční</td><td><strong> </strong></td></tr><tr><td>Marie Koňaříková<br>provozářka (školnice)</td><td><strong> </strong></td></tr></tbody></table></figure>
</div>
</div>



<p></p>

<p>PhDr. Veronika Skorunkovávedoucí zařízení a psycholog   psycholog@svpvm.cz Mgr. Helena Ježíkovápsycholog svp.psycholog@gmail.com Zuzana Fabíkováspeciální pedagog – etoped etoped@svpvm.cz Hana Kovářováspisová a &hellip; <a href="https://svpvm.cz/?page_id=52" class="more-link"><span class="more-button">Continue Reading<span class="screen-reader-text">Zaměstnanci</span></span></a></p>
