{"id":43,"date":"2025-01-15T01:18:35","date_gmt":"2025-01-15T00:18:35","guid":{"rendered":"http:\/\/192.168.4.14\/?page_id=43"},"modified":"2026-03-30T08:09:46","modified_gmt":"2026-03-30T06:09:46","slug":"kontakty","status":"publish","type":"page","link":"https:\/\/svpvm.cz\/?page_id=43","title":{"rendered":"Kontakty"},"content":{"rendered":"\n<p>St\u0159edisko v\u00fdchovn\u00e9 p\u00e9\u010de ve Vala\u0161sk\u00e9m Mezi\u0159\u00ed\u010d\u00ed je odlou\u010den\u00e9 pracovi\u0161t\u011b pat\u0159\u00edc\u00ed pod D\u011btsk\u00fd diagnostick\u00fd \u00fastav, st\u0159edisko v\u00fdchovn\u00e9 p\u00e9\u010de, z\u00e1kladn\u00ed \u0161kola a \u0161koln\u00ed j\u00eddelna, Olomouc \u2013 Svat\u00fd Kope\u010dek.<\/p>\n\n\n\n<p><a href=\"https:\/\/www.dduolomouc.cz\">https:\/\/www.dduolomouc.cz<\/a><\/p>\n\n\n\n<p>Z\u0159izovatelem je Ministerstvo \u0161kolstv\u00ed, ml\u00e1de\u017ee a t\u011blov\u00fdchovy<\/p>\n\n\n\n<p>Kontakt:<\/p>\n\n\n\n<figure class=\"wp-block-table\"><table class=\"has-fixed-layout\"><tbody><tr><td>N\u00e1zev za\u0159\u00edzen\u00ed:<\/td><td>D\u011btsk\u00fd diagnostick\u00fd \u00fastav, st\u0159edisko v\u00fdchovn\u00e9 p\u00e9\u010de, z\u00e1kladn\u00ed \u0161kola a \u0161koln\u00ed j\u00eddelna, Olomouc \u2013 Svat\u00fd Kope\u010dek, \u00dastavn\u00ed 9, Olomouc \u2013 Svat\u00fd Kope\u010dek 772 00 I\u010cO: 00601811<\/td><\/tr><tr><td>Odlou\u010den\u00e9 pracovi\u0161t\u011b:<\/td><td>St\u0159edisko v\u00fdchovn\u00e9 p\u00e9\u010de<br>Kr\u00e1lova 370<br>75701 Vala\u0161sk\u00e9 Mezi\u0159\u00ed\u010d\u00ed <\/td><\/tr><tr><td>Telefon:<\/td><td>Mobil: 775\u00a0232\u00a0105 <br>Pevn\u00e1 linka: 571\u00a0614 575<\/td><\/tr><tr><td>Kontakty:<\/td><td><strong>PhDr. Veronika Skorunkov\u00e1<\/strong>, vedouc\u00ed za\u0159\u00edzen\u00ed a psycholog <br>e-mail: psycholog@svpvm.cz<br><strong>Mgr. Helena Je\u017e\u00edkov\u00e1<\/strong>, psycholog<br>e-mail: svp.psycholog@gmail.com<br><strong>Zuzana Fab\u00edkov\u00e1<\/strong>, spec. pedagog \u2013 etoped <br>e-mail: etoped@svpvm.cz<br><strong>Mgr. Radka Vyb\u00edhalov\u00e1 \u017dl\u00e9bkov\u00e1<\/strong>, u\u010ditelka <br><strong>Hana Kov\u00e1\u0159ov\u00e1<\/strong>, spisov\u00e1\/administrativn\u00ed pracovnice <br>e-mail: soc.prac@svpvm.cz<\/td><\/tr><tr><td>Web:<\/td><td>www.svpvm.cz<\/td><\/tr><tr><td>E-mail:<\/td><td>psycholog@svpvm.cz<\/td><\/tr><tr><td>Datov\u00e1 schr\u00e1nka:<\/td><td>q67umy9<\/td><\/tr><tr><td>Obracet se na n\u00e1s m\u016f\u017eete:<\/td><td>Po \u2013 \u010ct 7 \u2013 17 hodin <br>P\u00e1 7 \u2013 14 hodin<\/td><\/tr><\/tbody><\/table><\/figure>\n\n\n\n<p><\/p>\n","protected":false},"excerpt":{"rendered":"<p>St\u0159edisko v\u00fdchovn\u00e9 p\u00e9\u010de ve Vala\u0161sk\u00e9m Mezi\u0159\u00ed\u010d\u00ed je odlou\u010den\u00e9 pracovi\u0161t\u011b pat\u0159\u00edc\u00ed pod D\u011btsk\u00fd diagnostick\u00fd \u00fastav, st\u0159edisko v\u00fdchovn\u00e9 p\u00e9\u010de, z\u00e1kladn\u00ed \u0161kola a &hellip; <a href=\"https:\/\/svpvm.cz\/?page_id=43\" class=\"more-link\"><span class=\"more-button\">Continue Reading<span class=\"screen-reader-text\">Kontakty<\/span><\/span><\/a><\/p>\n","protected":false},"author":1,"featured_media":0,"parent":0,"menu_order":0,"comment_status":"closed","ping_status":"closed","template":"","meta":{"footnotes":""},"class_list":["post-43","page","type-page","status-publish","hentry"],"_links":{"self":[{"href":"https:\/\/svpvm.cz\/index.php?rest_route=\/wp\/v2\/pages\/43","targetHints":{"allow":["GET"]}}],"collection":[{"href":"https:\/\/svpvm.cz\/index.php?rest_route=\/wp\/v2\/pages"}],"about":[{"href":"https:\/\/svpvm.cz\/index.php?rest_route=\/wp\/v2\/types\/page"}],"author":[{"embeddable":true,"href":"https:\/\/svpvm.cz\/index.php?rest_route=\/wp\/v2\/users\/1"}],"replies":[{"embeddable":true,"href":"https:\/\/svpvm.cz\/index.php?rest_route=%2Fwp%2Fv2%2Fcomments&post=43"}],"version-history":[{"count":12,"href":"https:\/\/svpvm.cz\/index.php?rest_route=\/wp\/v2\/pages\/43\/revisions"}],"predecessor-version":[{"id":445,"href":"https:\/\/svpvm.cz\/index.php?rest_route=\/wp\/v2\/pages\/43\/revisions\/445"}],"wp:attachment":[{"href":"https:\/\/svpvm.cz\/index.php?rest_route=%2Fwp%2Fv2%2Fmedia&parent=43"}],"curies":[{"name":"wp","href":"https:\/\/api.w.org\/{rel}","templated":true}]}}

<p>Středisko výchovné péče ve Valašském Meziříčí je odloučené pracoviště patřící pod Dětský diagnostický ústav, středisko výchovné péče, základní škola a školní jídelna, Olomouc – Svatý Kopeček.</p>



<p><a href="https://www.dduolomouc.cz">https://www.dduolomouc.cz</a></p>



<p>Zřizovatelem je Ministerstvo školství, mládeže a tělovýchovy</p>



<p>Kontakt:</p>



<figure class="wp-block-table"><table class="has-fixed-layout"><tbody><tr><td>Název zařízení:</td><td>Dětský diagnostický ústav, středisko výchovné péče, základní škola a školní jídelna, Olomouc – Svatý Kopeček, Ústavní 9, Olomouc – Svatý Kopeček 772 00 IČO: 00601811</td></tr><tr><td>Odloučené pracoviště:</td><td>Středisko výchovné péče<br>Králova 370<br>75701 Valašské Meziříčí </td></tr><tr><td>Telefon:</td><td>Mobil: 775 232 105 <br>Pevná linka: 571 614 575</td></tr><tr><td>Kontakty:</td><td><strong>PhDr. Veronika Skorunková</strong>, vedoucí zařízení a psycholog <br>e-mail: psycholog@svpvm.cz<br><strong>Mgr. Helena Ježíková</strong>, psycholog<br>e-mail: svp.psycholog@gmail.com<br><strong>Zuzana Fabíková</strong>, spec. pedagog – etoped <br>e-mail: etoped@svpvm.cz<br><strong>Mgr. Radka Vybíhalová Žlébková</strong>, učitelka <br><strong>Hana Kovářová</strong>, spisová/administrativní pracovnice <br>e-mail: soc.prac@svpvm.cz</td></tr><tr><td>Web:</td><td>www.svpvm.cz</td></tr><tr><td>E-mail:</td><td>psycholog@svpvm.cz</td></tr><tr><td>Datová schránka:</td><td>q67umy9</td></tr><tr><td>Obracet se na nás můžete:</td><td>Po – Čt 7 – 17 hodin <br>Pá 7 – 14 hodin</td></tr></tbody></table></figure>



<p></p>

<p>Středisko výchovné péče ve Valašském Meziříčí je odloučené pracoviště patřící pod Dětský diagnostický ústav, středisko výchovné péče, základní škola a &hellip; <a href="https://svpvm.cz/?page_id=43" class="more-link"><span class="more-button">Continue Reading<span class="screen-reader-text">Kontakty</span></span></a></p>
